 4. Give x(-1).
-78
Let j(d) = 2*d + 12. Give j(-9).
-6
Let d(m) = m**2 - m - 60. Determine d(9).
12
Let u(q) = -q**3 + 5*q**2 + 7*q + 2. Calculate u(-1).
1
Let g(w) = 3*w**2 - 9*w - 50. What is g(6)?
4
Let y(z) = -7*z - 124. What is y(-18)?
2
Let f(t) = 6*t + 72. What is f(-13)?
-6
Let y(k) = -38*k - 135. Determine y(-4).
17
Let y(k) = 2*k - 11. Determine y(-18).
-47
Let m(b) = -b**3 + 7*b**2 - b - 10. What is m(7)?
-17
Let r(j) = -j**3 + 5*j**2 + 21*j + 17. Give r(8).
-7
Let y(b) = b**3 + 6*b**2 + 5*b - 2. Calculate y(-6).
-32
Let v(c) = c**3 - 17*c**2 + 15*c + 23. What is v(16)?
7
Let u(c) = -c - 10. Give u(-7).
-3
Let v(p) = -69*p + 410. Give v(6).
-4
Let a(y) = -4*y - 1. What is a(-7)?
27
Let m(o) = -o**2 - 8*o + 42. Determine m(-12).
-6
Let x(u) = -u**3 - u**2 - 3*u + 2. Determine x(2).
-16
Let j(b) = b**3 - 4*b**2 - 11*b - 2. Determine j(6).
4
Let v(n) = -3*n + 17. Determine v(7).
-4
Let h(f) = -f**2 - 28*f + 93. Calculate h(-31).
0
Let r(f) = -10*f**3 + 2*f**2 - f. What is r(1)?
-9
Let h(j) = -j**2 - 5*j - 6. Determine h(-3).
0
Let f(a) = a**3 + 4*a**2 + 3*a + 39. Determine f(-5).
-1
Let f(l) = -2*l**3 + 21*l**2 - 10*l - 5. Calculate f(10).
-5
Let f(z) = 3*z**3 - 2*z**2 + z + 2. Give f(2).
20
Let f(b) = b**2 - 9*b - 63. Give f(-5).
7
Let s(i) = -52*i + 3. What is s(-2)?
107
Let s(a) = -11*a - 84. Determine s(-9).
15
Let i(b) = -b - 49. Give i(-4).
-45
Let q(u) = u**2 + u - 36. What is q(5)?
-6
Let x(z) = 7*z + 3. Calculate x(-7).
-46
Let i(c) = -7*c**2 - 104*c - 11. Determine i(-15).
-26
Let r(n) = n**2 + 2. Determine r(4).
18
Let q(h) = -h + 19. Determine q(25).
-6
Let t(z) = -z**2 - z + 14. What is t(4)?
-6
Let b(p) = 21*p - 24. Give b(7).
123
Let v(o) = -2*o + 34. What is v(15)?
4
Let m(v) = -v**3 - 18*v**2 - 17*v - 4. What is m(-17)?
-4
Let b(f) = 5*f**2 - 76*f + 15. Determine b(15).
0
Let c(f) = f**3 - 6*f**2 - 13*f + 12. Calculate c(8).
36
Let j(l) = -l**3 + 27*l**2 - 93*l + 29. Calculate j(23).
6
Let d(i) = -i**3 - 10*i**2 - 23*i - 12. Calculate d(-7).
2
Let u(a) = a**2 + 11*a + 37. Give u(-11).
37
Let y(p) = -2*p**3 - 11*p**2 + 18*p - 16. What is y(-7)?
5
Let l(r) = r**3 + 7*r**2 - 3*r + 52. What is l(-8)?
12
Let x(i) = 4*i**2 + 6*i - 1. Calculate x(-5).
69
Let z(s) = s**3 + s**2 + 47. What is z(0)?
47
Let y(p) = -29*p - 1. Give y(-1).
28
Let q(o) = -13*o + 456. Give q(35).
1
Let g(n) = 12*n. Determine g(3).
36
Let r(u) = 5*u - 21. Give r(3).
-6
Let u(c) = 2*c + 28. Calculate u(-8).
12
Let z(i) = -i**3 + 8*i**2 - 3*i - 5. Give z(8).
-29
Let h(k) = -k**3 - 47*k**2 - 46*k - 18. Give h(-46).
-18
Let a(q) = -3*q**2 + 20*q + 81. Give a(-3).
-6
Let w(x) = -2*x**3 - 6*x**2 + 7*x + 7. Determine w(-4).
11
Let v(d) = d**3 - 32*d**2 + 59*d + 38. Determine v(30).
8
Let i(k) = -2*k**2 - 6*k - 6. Determine i(-2).
-2
Let y(w) = -w**2 - 4*w - 3. What is y(-4)?
-3
Let w(s) = s**3 - 12*s**2 - 7*s - 6. Calculate w(13).
72
Let l(c) = -c + 16. Calculate l(11).
5
Let q(l) = 2*l**2 - 3*l + 62. Give q(0).
62
Let d(i) = -i**3 - 13*i**2 + 2*i. Give d(-13).
-26
Let r(o) = o**2 - 10*o + 27. Determine r(7).
6
Let h(j) = -23*j + 1. What is h(-1)?
24
Let b(v) = v**2 - 2*v + 1. Give b(0).
1
Let f(x) = 2*x**3 - 6*x**2 + 7*x. Determine f(2).
6
Let b(w) = w**3 + 4*w**2 - 10*w + 4. Calculate b(-6).
-8
Let x(d) = -d**3 + 10*d**2 - 8*d + 4. Determine x(9).
13
Let o(n) = 188*n + 567. What is o(-3)?
3
Let c(g) = 19*g - 387. What is c(21)?
12
Let v(m) = 3*m - 61. What is v(16)?
-13
Let t(j) = -j**2 - 2*j + 10. Calculate t(-5).
-5
Let l(u) = u**3 + 23*u**2 + 121*u - 39. Determine l(-9).
6
Let s(v) = 2*v**2 + v + 3. Determine s(3).
24
Let j(v) = v**2 - 13*v - 14. Give j(13).
-14
Let a(t) = -t**3 - 23*t**2 + 2*t + 24. Calculate a(-23).
-22
Let d(i) = i**3 + 9*i**2 + 17*i - 8. Calculate d(-5).
7
Let v(x) = x**3 - 11*x**2 - 4*x - 10. Calculate v(11).
-54
Let d(x) = 13*x - 8. Calculate d(-5).
-73
Let l(s) = -17*s**2 - 321*s + 39. Give l(-19).
1
Let i(z) = -z + 5. What is i(10)?
-5
Let c(z) = -z**3 + 6*z**2 - z + 7. Determine c(5).
27
Let a(x) = x**3 + 10*x**2 + 9*x - 6. Determine a(-9).
-6
Let u(d) = d**3 + 21*d**2 - d + 3. Give u(-21).
24
Let y(k) = 2*k**2 + 2*k - 7. Calculate y(-3).
5
Let k(j) = 3*j**2 - 33*j - 50. Determine k(12).
-14
Let b(c) = c**3 - 3*c**2 - 5*c + 4. Give b(5).
29
Let k(w) = 2*w**2 - 3*w + 1. Give k(1).
0
Let h(o) = -2*o + 17. Give h(8).
1
Let h(r) = -r**3 - 14*r**2 - 17*r - 3. Determine h(-13).
49
Let g(o) = -9*o - 9. What is g(-6)?
45
Let q(u) = -u**3 + 12*u**2 + 34*u - 86. What is q(14)?
-2
Let a(u) = -8*u - 87. Give a(-10).
-7
Let t(c) = c + 8. Calculate t(-4).
4
Let h(z) = z**2 - 4*z + 4. Calculate h(6).
16
Let i(b) = -2*b**2 + 51*b - 102. What is i(23)?
13
Let n(m) = m + 6. What is n(-6)?
0
Let u(g) = -g**2. Give u(2).
-4
Let o(y) = 2*y**3 + 2*y**2 - 10*y - 11. Give o(-4).
-67
Let j(c) = 3*c + 6. What is j(-10)?
-24
Let a(p) = -3*p - 47. Give a(-10).
-17
Let d(o) = -3*o + 2. Calculate d(2).
-4
Let y(p) = -p**3 - 9*p**2 - 10*p - 3. Determine y(-8).
13
Let l(p) = 2*p - 14. What is l(7)?
0
Let a(h) = -8*h + 2. What is a(1)?
-6
Let q(d) = d**2 + 3*d + 2. What is q(-6)?
20
Let x(z) = z**2 + 15*z - 8. Give x(-16).
8
Let o(w) = -w - 16. Determine o(-11).
-5
Let d(h) = h**2 + 17*h - 2. Determine d(-12).
-62
Let v(h) = h + 15. Calculate v(-3).
12
Let d(c) = -c**3 - 5*c**2 + 14*c + 45. Calculate d(-6).
-3
Let j(y) = -3*y + 3. What is j(3)?
-6
Let l(n) = n**2 + 16*n - 60. Calculate l(-19).
-3
Let w(u) = u**3 - 13*u**2 - 89*u - 10. Calculate w(18).
8
Let m(z) = 5*z**2 + 6*z + 6. What is m(-4)?
62
Let i(c) = -c + 12. Give i(5).
7
Let l(x) = -x**3 + 12*x**2 - 5*x - 8. What is l(12)?
-68
Let r(x) = -2*x**3 + 4*x**2 + x - 4. Calculate r(3).
-19
Let x(f) = -2*f**2 - 70*f + 144. What is x(2)?
-4
Let p(h) = h**3 + 22*h**2 + 19*h - 24. Determine p(-21).
18
Let a(t) = -2*t + 2. Give a(-1).
4
Let d(b) = -b**3 + b**2 + 3*b + 4. Give d(3).
-5
Let r(c) = -c**2 - 11*c - 34. What is r(-5)?
-4
Let s(a) = -a + 11. What is s(8)?
3
Let o(a) = -a**3 - 8*a**2 - 10*a - 15. What is o(-7)?
6
Let q(h) = -2*h**3 + 7*h**2 - 5*h - 4. What is q(4)?
-40
Let i(d) = -d**3 - 8*d**2 + 11*d + 19. Give i(-9).
1
Let t(r) = 12*r**2 - r - 1. Give t(-1).
12
Let a(v) = v**2 - 3*v - 5. Give a(6).
13
Let j(t) = 3*t**3 + 4*t**2 + 3. Determine j(-2).
-5
Let y(h) = h**2 + 13*h + 22. Calculate y(-12).
10
Let q(b) = -5*b + 6. Determine q(0).
6
Let r(x) = -x**2 + 19*x + 35. Calculate r(21).
-7
Let c(y) = -6*y - 15. Give c(6).
-51
Let w(o) = -o**2 + o + 9. Determine w(-5).
-21
Let m(d) = -d**3 + 7*d**2 - 4*d - 8. Calculate m(6).
4
Let f(z) = z**3 - 2*z - 2. What is f(-1)?
-1
Let v(m) = m**2 + 4*m - 3. Give v(-6).
9
Let n(m) = -m**3 + 8*m**2 - 5*m + 6. Calculate n(7).
20
Let z(t) = -2*t - 9. Determine z(-6).
3
Let t(w) = w**3 + 8*w**2 + 5. Determine t(-8).
5
Let o(r) = -r**3 + 3*r**2 + r - 3. Determine o(2).
3
Let z(v) = v**3 - 2*v**2 + 2. Determine z(2).
2
Let f(i) = i**3 + 10*i**2 + 20*i - 10. What is f(-5)?
15
Let o(p) = 12*p - 324. Calculate o(25).
-24
Let k(h) = -h**3 + 6*h**2 + 2*h - 12. Determine k(6).
0
Let n(h) = h - 15. What is n(10)?
-5
Let j(b) = 2*b**2 - 4*b - 20. Give j(-5).
50
Let s(a) = -a**2 - 10*a - 11. Give s(-9).
-2
Let d(s) = -s**2 - 31*s + 64. Give d(-33).
-2
Let q(c) = -19*c - 18. Calculate q(-1).
1
Let d(v) = -v**3 + 12*v**2 + 16*v + 3. Give d(13).
42
Let t(u) = 6*u + 7. Give t(-1).
1
Let c(j) = -j**2 + 31*j - 90. What is c(28)?
-6
Let d(o) = o**2 - 22*o + 70. Give d(13).
-47
Let y(u) = 43*u - 122. What is y(3)?
7
Let a(o) = -38*o - 18. Calculate a(4).
-170
Let q(t) = t**3 + 6*t**2 - 6*t. Calculate q(-7).
-7
Let w(v) = v**3 - 4*v**2 + 3*v - 3. Calculate w(3).
-3
Let h(l) = 8*l**3 - 2*l**2 + 5*l - 4. Calculate h(1).
7
Let d(p) = p**2 + 11*p + 12. Give d(-12).
24
Let o(h) = -h**3 + 3*h**2 + 3*h - 5. Determine o(3).
4
Let g(j) = -j - 4. What is g(-8)?
4
Let l(d) = -2*d**2 + 11*d - 21. Give l(3).
-6
Let v(j) = -j**3 + 13*j**2 + 21*j + 18. Give v(15).
-117
Let i(y) = -y**3 - 13*y**2 - 8*y + 25. Determine i(-12).
-23
Let o(n) = 14*n - 29. What is o(2)?
-1
Let w(s) = -s**3 - 17*s**2 - 42*s - 4. Determine w(-14).
-4
Let b(q) = -q**3 + 5*q**2 - 3*q + 19. Give b(5).
4
Let b(m) = 4*m + 12. What is b(-9)?
-24
Let t(u) = -u**3 - 55*u**2 + 56*u + 6. Determine t(-56).
6
Let k(a) = -a**2 + 4. D